ide 870420?
True
Is 76 a factor of 1539490?
False
Is 5496270 a multiple of 11?
False
Is 5 a factor of 8360?
True
Is 9172265 a multiple of 2586?
False
Does 2 divide 63341?
False
Does 16 divide 292416?
True
Is 172913 a multiple of 2?
False
Is 50 a factor of 263404?
False
Is 251 a factor of 1204444?
False
Is 558766 a multiple of 772?
False
Is 5 a factor of 278840?
True
Is 16 a factor of 609760?
True
Is 22570 a multiple of 16?
False
Is 30740127 a multiple of 453?
True
Does 67 divide 278605?
False
Is 161 a factor of 150141?
False
Is 4640140 a multiple of 70?
False
Does 60 divide 147540?
True
Does 822 divide 1306980?
True
Does 10 divide 775750?
True
Is 117919 a multiple of 42?
False
Is 154275 a multiple of 2?
False
Does 105 divide 1314495?
True
Is 7 a factor of 25529?
True
Is 19 a factor of 103741?
False
Does 14 divide 2946174?
True
Is 12542810 a multiple of 70?
True
Does 14 divide 10110436?
True
Does 12 divide 106893?
False
Is 23 a factor of 140691?
True
Does 1598 divide 1300453?
False
Does 12 divide 448969?
False
Is 7 a factor of 507297?
True
Is 10 a factor of 644957?
False
Is 621 a factor of 1795835?
False
Is 5711801 a multiple of 37?
True
Does 16 divide 5523264?
True
Is 102753 a multiple of 61?
False
Is 226460 a multiple of 65?
True
Does 64 divide 8617280?
True
Is 4400669 a multiple of 1307?
True
Does 3 divide 3118701?
True
Is 35858 a multiple of 23?
False
Is 675252 a multiple of 12?
True
Does 5 divide 104430?
True
Does 18 divide 1108881?
False
Does 18 divide 103734?
True
Is 200 a factor of 3183600?
True
Is 40 a factor of 154547?
False
Does 18 divide 686026?
False
Does 12 divide 760210?
False
Is 4106845 a multiple of 164?
False
Is 68 a factor of 146886?
False
Is 851 a factor of 27171766?
False
Is 715520 a multiple of 208?
True
Is 741338 a multiple of 13?
True
Does 17 divide 174252?
False
Is 9 a factor of 283312?
False
Does 16 divide 3817456?
True
Is 138015 a multiple of 50?
False
Is 5541168 a multiple of 1608?
True
Is 17 a factor of 104082?
False
Does 368 divide 145728?
True
Is 274098 a multiple of 33?
True
Is 480 a factor of 111360?
True
Is 10 a factor of 61650?
True
Does 25 divide 707575?
True
Does 132 divide 3773391?
False
Is 117227 a multiple of 275?
False
Is 40 a factor of 6936056?
False
Is 36 a factor of 10836?
True
Is 23 a factor of 237491?
False
Is 2133943 a multiple of 6?
False
Is 11971896 a multiple of 348?
True
Is 118 a factor of 669886?
True
Is 489 a factor of 188251?
False
Is 485 a factor of 1200375?
True
Is 4335 a multiple of 3?
True
Is 4 a factor of 286171?
False
Is 13142250 a multiple of 402?
False
Is 54 a factor of 30181?
False
Is 25608 a multiple of 22?
True
Is 61674 a multiple of 4?
False
Does 16 divide 197328?
True
Is 1576824 a multiple of 56?
False
Is 15 a factor of 1246365?
True
Does 133 divide 769382?
False
Is 3 a factor of 409333?
False
Does 19 divide 410970?
True
Is 445 a factor of 971438?
False
Is 4077713 a multiple of 54?
False
Does 557 divide 2391201?
True
Does 29 divide 13232091?
True
Is 583667 a multiple of 16?
False
Is 4 a factor of 13707640?
True
Is 25 a factor of 1415625?
True
Is 836288 a multiple of 20?
False
Is 107182 a multiple of 16?
False
Does 28 divide 63308?
True
Is 52411 a multiple of 8?
False
Is 3 a factor of 832254?
True
Is 22 a factor of 2309283?
False
Is 255 a factor of 262140?
True
Does 40 divide 103680?
True
Is 500 a factor of 824500?
True
Does 334 divide 474371?
False
Does 13 divide 53363?
False
Is 4200 a multiple of 2?
True
Is 45 a factor of 141255?
True
Does 9 divide 279252?
True
Does 14 divide 1896902?
True
Is 2470166 a multiple of 13?
False
Does 20 divide 4807911?
False
Is 8 a factor of 1233339?
False
Does 62 divide 563906?
False
Is 38 a factor of 77330?
True
Is 790673 a multiple of 38?
False
Is 179 a factor of 173272?
True
Does 18 divide 704934?
True
Is 10425528 a multiple of 12?
True
Does 797 divide 4259503?
False
Is 657699 a multiple of 605?
False
Is 4131240 a multiple of 346?
True
Is 25 a factor of 3934450?
True
Is 85140 a multiple of 9?
True
Is 3585296 a multiple of 104?
True
Is 159360 a multiple of 36?
False
Is 232868 a multiple of 4?
True
Is 39984 a multiple of 5?
False
Is 1338826 a multiple of 859?
False
Is 643753 a multiple of 2?
False
Is 89 a factor of 4587505?
True
Does 1043 divide 7934242?
False
Does 155 divide 81065?
True
Is 4 a factor of 1376?
True
Is 137926 a multiple of 14?
False
Is 38 a factor of 1175459?
False
Is 828055 a multiple of 12?
False
Is 13 a factor of 3194164?
False
Does 86 divide 88071?
False
Is 61 a factor of 208132?
True
Is 1038751 a multiple of 17?
True
Does 50 divide 73711?
False
Does 366 divide 2718282?
True
Is 226 a factor of 731562?
True
Is 311281 a multiple of 634?
False
Does 12 divide 696360?
True
Is 1474 a factor of 9384958?
True
Is 4318 a multiple of 9?
False
Is 342 a factor of 286665?
False
Is 17 a factor of 303847?
False
Is 24 a factor of 685848?
True
Is 46 a factor of 88182?
True
Is 17 a factor of 12338634?
True
Is 710 a factor of 7783800?
False
Does 74 divide 11352221?
False
Is 66 a factor of 826900?
False
Is 63 a factor of 157583?
False
Does 32 divide 2189664?
True
Is 878 a factor of 3195750?
False
Is 25 a factor of 217300?
True
Does 19 divide 39813?
False
Is 22593606 a multiple of 62?
True
Does 572 divide 92615?
False
Does 33 divide 13211451?
True
Does 82 divide 336419?
False
Is 83501 a multiple of 12?
False
Is 59 a factor of 724743?
False
Is 5113665 a multiple of 45?
True
Does 15 divide 580695?
True
Is 436522 a multiple of 60?
False
Does 22 divide 2810654?
True
Is 21 a factor of 3074603?
False
Is 299699 a multiple of 14?
False
Is 30 a factor of 994109?
False
Is 466146 a multiple of 498?
False
Does 388 divide 379319?
False
Is 376236 even?
True
Is 73 a factor of 243747?
True
Is 6 a factor of 6804?
True
Does 5 divide 190930?
True
Does 37 divide 159063?
True
Is 105 a factor of 396900?
True
Does 80 divide 16320?
True
Is 70 a factor of 307637?
False
Is 532 a factor of 1232643?
False
Does 30 divide 2768460?
True
Is 198247 a multiple of 143?
False
Is 50250 a multiple of 402?
True
Is 10 a factor of 14800?
True
Does 5 divide 23160?
True
Does 588 divide 656208?
True
Is 4104090 a multiple of 93?
True
Is 32850 a multiple of 146?
True
Is 14914233 a multiple of 86?
False
Is 559715 a multiple of 16?
False
Does 19 divide 12346448?
False
Is 201 a factor of 1606191?
True
Does 41 divide 75194?
True
Does 50 divide 1889050?
True
Does 6 divide 42133?
False
Does 29 divide 2763207?
True
Does 38 divide 925695?
False
Does 3 divide 365847?
True
Is 75 a factor of 7729350?
True
Is 6866952 a multiple of 1646?
False
Is 3114240 a multiple of 120?
True
Is 29106 a multiple of 27?
True
Does 16 divide 78512?
True
Does 22 divide 1479234?
False
Is 5764608 a multiple of 278?
True
Is 83598 a multiple of 52?
False
Does 13 divide 78570?
False
Is 105 a factor of 5775?
True
Does 437 divide 227639?
False
Is 134 a factor of 109912?
False
Is 78264 a multiple of 426?
False
Is 1514735 a multiple of 1554?
False
Is 4 a factor of 425684?
True
Is 1002950 a multiple of 25?
True
Does 41 divide 65436?
True
Does 268 divide 229115?
False
Is 37935 a multiple of 9?
True
Does 117 divide 90046?
False
Is 4604121 a multiple of 62?
False
Does 18 divide 211608?
True
Does 4 divide 116508?
True
Is 256043 a multiple of 36?
False
Is 192759 a multiple of 21?
True
Does 13 divide 22856568?
False
Is 10 a factor of 4101884?
False
Is 229 a factor of 5699810?
True
Is 18 a factor of 133779?
False
Does 138 divide 394956?
True
Does 19 divide 1875290?
False
Is 62 a factor of 93434?
True
Is 5 a factor of 6067248?
False
Is 145350 a multiple of 95?
True
Is 1315587 a multiple of 237?
True
Is 387 a factor of 89253?
False
Is 155 a factor of 316820?
True
Does 43 divide 431161?
True
Does 573 divide 288632?
False
Does 25 divide 5466375?
True
Is 65 a factor of 8558338?
False
Is 78 a factor of 39248?
False
Does 10 divide 82004?
False
Is 3 a factor of 23208?
True
Is 820688 a multiple of 58?
False
Does 167 divide 3627407?
True
Is 92 a factor of 474479?
False
Is 8065969 a multiple of 174?
False
Does 20 divide 284160?
True
Is 7356060 a multiple of 10?
True
Does 12 divide 91991?
False
Is 124 a factor of 76632?
True
Does 22 divide 562704?
False
Is 132 a factor of 14810?
False
Does 4 divide 175152?
True
Does 12 divide 106032?
True
Does 14 di